 of b.
3, 13, 71
Let l = -8247 + 10438. List the prime factors of l.
7, 313
List the prime factors of (1 + 13)*(7 + (-7830)/(-36)).
7, 449
Let o(c) = 9*c**2 + 413*c - 17. What are the prime factors of o(7)?
3, 5, 13, 17
Suppose 0 = -5*t - 25, 4*t - 142 - 114 = -4*j. What are the prime factors of (j/2)/((-102)/(-1360))?
2, 5, 23
Suppose 4*n = 4*o + 6831 + 8117, 0 = -5*o + 2*n - 18694. Let z = -2113 - o. What are the prime factors of z?
1627
Suppose -4*r + 48701 = -q - 5024, -5*r + 5*q + 67130 = 0. What are the prime factors of r?
7, 19, 101
Let s be 1 + (-1)/(-5 + 2455/490). Let p = -57 - s. What are the prime factors of p?
2, 5
What are the prime factors of 2/(9 + 603765/(-67086))?
2, 3727
Let s = -319 + 324. Suppose -s*x + 3415 = 985. List the prime factors of x.
2, 3
Let j(g) = 10*g**2 + g + 13. Let u(n) = -51*n**2 - 5*n - 66. Let t(p) = 11*j(p) + 2*u(p). Let r be t(-5). What are the prime factors of (3*r/(-3))/(-2)?
103
Let i be (-22)/(-5) + 3 - (-6)/10. Suppose -6*x = 2*x + i. What are the prime factors of (42*x)/(-2*(-3)/(-8))?
2, 7
Suppose 3*f + 3551 - 1067 = 2*z, 3*f = 0. What are the prime factors of z?
2, 3, 23
List the prime factors of 36 + -44 + (6886 - 0).
2, 19, 181
Suppose -79*y + 2334127 + 2832473 = 0. List the prime factors of y.
2, 3, 5, 109
Suppose -4*o = -r - 98771, 6*o + 3*r = 13073 + 135106. List the prime factors of o.
2, 12347
Let k = 16405 - -1814. What are the prime factors of k?
3, 6073
Let a = 26 + -30. Let n be (a - (-9)/3) + 5. Suppose c - n*c = -171. What are the prime factors of c?
3, 19
Suppose -3*p - 6575 = -2*i, i - 5*i = -5*p - 13153. Suppose -890*s - i = -894*s. What are the prime factors of s?
823
Let m(f) = -7*f + 19. Let r(t) = t - 22. Let c(h) = 5*m(h) + 4*r(h). Suppose 0*s - 5*k + 30 = -5*s, 5*s + 4*k = -39. What are the prime factors of c(s)?
2, 7
Let h(q) = -q**3 - 13*q**2 - 53*q + 467. What are the prime factors of h(-19)?
2, 5, 7, 13
Let o = 631 + 181. Suppose -709 = -13*n + o. What are the prime factors of n?
3, 13
Suppose 19*h + 7537 - 1818 = 0. Let g = h + 520. List the prime factors of g.
3, 73
Suppose -24*j + 1708 = -20*j. Suppose 0 = 3*g + 3*d + 186, -5*g = -3*d + j - 117. Let z = g + 154. What are the prime factors of z?
2, 23
Let x(n) = -2*n + 1. Let y be x(-1). Let l be y - (1*-102 + 0). Suppose -23*k = -28*k + l. List the prime factors of k.
3, 7
Suppose -o + 3*x = -3*o + 2577, 4*x = 4. Let q = -700 + o. List the prime factors of q.
587
Let l(q) = 2834*q**2 + 285*q - 845. What are the prime factors of l(3)?
2, 6379
Suppose -a + 1295 = 5*w - 263, 0 = -a - 4*w + 1563. Suppose 8*i = 3*i + v + 2685, 0 = -3*i - 5*v + a. What are the prime factors of i?
2, 67
Let k = 12967 - 9011. List the prime factors of k.
2, 23, 43
List the prime factors of (6/5*-61)/(158/(-29230)).
2, 3, 37, 61
Let v be (-2 - -21) + (2 - 3 - -4). Suppose 0 = -q + 214 + v. Suppose 0 = -4*l + 5*g - 2*g + q, 0 = -4*g. What are the prime factors of l?
59
List the prime factors of (-3)/6*-3*(9 - 104/24).
7
Suppose 0 = -4*i + 32, -3*r - 6*i + 11*i + 20345 = 0. List the prime factors of r.
3, 5, 151
Suppose 4*k - 16 = 8. Suppose -k*j = -0*j - 114. List the prime factors of j.
19
Let v = 252 + -241. List the prime factors of 2/v + 335025/495.
677
Suppose 51*z = 16*z + 634 + 1396. Let o be 3*(-1 + -3)*-6. Let x = z + o. What are the prime factors of x?
2, 5, 13
Let h be 12325/(-30) + (-2)/12. List the prime factors of (3/(-2))/((-144)/(-64))*h.
2, 137
Let f = 12513 + -5038. Suppose -4081 = -27*d + f. What are the prime factors of d?
2, 107
Suppose 18 - 2 = 4*t. Let c be 0 + 224/t + -4. Suppose -7*l + 3*l + c = 0. What are the prime factors of l?
13
Let w(o) = -539*o**3 + 3*o**2 + 3*o + 2. Let a be w(-1). Suppose -m + 5*n + a = m, -m = -n - 266. What are the prime factors of m?
263
Suppose -7833 = -4*m - 2*u + 4797, -2*u - 6324 = -2*m. List the prime factors of m.
3, 13
Suppose -8 = 2*v + p, -9 = -6*v + 11*v - 3*p. List the prime factors of (-1477 - (-6 + 2))/v.
491
Let m(f) = -f**3 + 6*f**2 + f - 3. Let b be m(6). Suppose -229 = -b*d + 671. Suppose 6*r - 10*r = -d. List the prime factors of r.
3, 5
Let l = 294 + -322. List the prime factors of l/16*(3 - 1 - 422).
3, 5, 7
List the prime factors of 11893*(-5)/(-30) - (-1)/12*10.
3, 661
Let a(n) = n**3 - 21*n**2 - 684*n + 50. List the prime factors of a(40).
2, 3, 5, 103
Let t(c) = -155*c + 5031. What are the prime factors of t(-111)?
2, 3, 17, 109
Let f = -187 + 182. List the prime factors of 2*(2/f - (-32)/5).
2, 3
Suppose 61*t + 1171763 = 128*t. List the prime factors of t.
17489
Suppose -138*w + 93*w - 1054680 = -89*w. What are the prime factors of w?
2, 3, 5, 17, 47
Let d be (0 + -3)*5*8/(-40). Let n = -13 + 25. List the prime factors of -5*((-18)/15)/(d/n).
2, 3
Let u be (-16)/(-5)*(390/(-12))/(-13). Suppose 0*z - 4*k = -2*z - 10, 2*z - 22 = -4*k. List the prime factors of ((-428)/u)/(z/(-6)).
107
Let o be 3/(-24) - 14100/96. Let a = -9 - o. Suppose a - 1202 = -7*z. List the prime factors of z.
2, 19
What are the prime factors of (-4)/34 - ((-8458536)/136 - 19)?
2, 3, 10369
Let k(z) be the second derivative of -3*z**2 + 0 + 8*z + 1/6*z**4 - 1/6*z**3. List the prime factors of k(4).
2, 11
Let q(k) = 86*k - 4. Suppose 0*j + 6 = 3*j + 2*m, -3*j - 4*m = -6. Let i be (j/4)/(6/12). What are the prime factors of q(i)?
2, 41
Suppose 2*d - 5*x = 350, 8*d + 5*x = 12*d - 720. Let c = d + 45. What are the prime factors of c?
2, 5, 23
Suppose -8*u + 167 - 7 = 0. Suppose -15*m = 3*l - u*m - 382, -m = -2*l + 243. What are the prime factors of l?
7, 17
Let n be (-24)/(-36) + (-1129)/3*2. Let i = n + 926. What are the prime factors of i?
2, 3, 29
Suppose 2*i = i + 5*i. Suppose i = 3*n + 6*n + n. Suppose -2*x + 3*x + 5*d = 211, 5*d = n. What are the prime factors of x?
211
Suppose 2*u - 21832 = 5*y, u - 1002*y + 999*y = 10919. List the prime factors of u.
11, 991
Let t(r) = r**3 + 88*r**2 - 125*r - 215. List the prime factors of t(-89).
7, 61
List the prime factors of (-36)/144 - (-172228)/16.
2, 3, 13, 23
Let k = 22817 - 2467. List the prime factors of k.
2, 5, 11, 37
Suppose 70*a = 71*a - 325. Suppose 24*j + a = 25*j. What are the prime factors of j?
5, 13
Let o = 62942 + -13114. What are the prime factors of o?
2, 12457
Let f(u) = 25*u**3 - 7*u**2 - 3*u - 3. Let o(r) = r**2 - 1. Let h(y) = -f(y) - 5*o(y). Let b = -822 - -820. List the prime factors of h(b).
2, 3, 5, 7
Let n(o) = 3169*o - 1679. What are the prime factors of n(3)?
2, 19, 103
Suppose -7*i - 1800 = -3*i. Let x = -159 + i. List the prime factors of x/(-28) + (-1)/(-4).
2, 11
Let s = 948 - -830. What are the prime factors of s?
2, 7, 127
Let v(q) = -13*q + 1917 - 1906 - 14*q. List the prime factors of v(-8).
227
Suppose 0 = -95*h + 83*h - 792. Let a be (-31 - 0/2)*1. Let p = a - h. List the prime factors of p.
5, 7
Let z = 4549 - 448. What are the prime factors of z?
3, 1367
Let x(g) = -142*g + 18. Let p be x(-6). Let b = -478 + p. What are the prime factors of b?
2, 7
Suppose -5*x - 4*g + 1313 = 0, 3*x - 2*g - 804 = g. Let q = 275 + x. Suppose 1136 = 4*t + 4*r, q = 5*t + 4*r - 883. What are the prime factors of t?
7, 41
Let i(u) = u**3 - 3*u**2 + 3*u + 1. Let g be i(4). Let n(w) = 3*w**2 + 15*w - 31. Let j be n(2). Suppose b - g = -j. What are the prime factors of b?
2, 3
Let n(v) = 1 + 167*v**2 - 3 - 2 + 0 + 4*v. Let g be n(2). Suppose g = -j + 9*j. What are the prime factors of j?
2, 3, 7
Suppose -5*b - 25 = 0, 2*p - 4*b - 42148 + 12968 = 0. What are the prime factors of p?
2, 3, 5
Suppose -102060 = -6*q - 4*q. Suppose 59*t - 52*t = q. List the prime factors of t.
2, 3
Let t = -10617 + 19214. List the prime factors of t.
8597
Suppose 177*h - 4081521 + 901508 - 1002851 = 0. What are the prime factors of h?
2, 7, 211
Let h(o) = 1343*o - 465. What are the prime factors of h(7)?
2, 1117
Let x be (-9)/21 + 387/21. Let r(l) = l - 1. Let c(d) = 10*d - 6. Let j(b) = -c(b) + 12*r(b). List the prime factors of j(x).
2, 3, 5
Let b be (-2)/(-5) - (-1371)/(-15). Let l(m) = 177*m**3 + m**2. Let d be l(1). Let i = d + b. List the prime factors of i.
3, 29
Let f = 652 + -457. Let r(c) = -182 + f - 28*c - 3*c. What are the prime factors of r(-4)?
137
Suppose -27 = 4*c - 11. Let o be (-1)/(1/(-6))*(c - -67). Suppose 0*r + 4*r + 229 = 3*g, 5*g 